+ 26)) + 42.
37
Calculate -11 + -1 + (-78 - -69) - 16.
-37
Calculate 18 + (-13 - -9) - 4 - (-5 + 9).
6
Evaluate -2 + -15 + (-11 - -8 - -6 - -7) + -2.
-9
-120 - ((7 - 36) + 50 + -52 + 10)
-99
What is 1 + (7 + -21 - (4 + 5)) - -18?
-4
What is the value of 48 + ((-52 - -8) + 59 - (23 + -2))?
42
What is -57 + 45 + 48 - (9 + 2)?
25
What is 19 - -2 - (1660 + -1608)?
-31
Evaluate -61 + (12 - 24) - 39.
-112
What is the value of (26 + 8 - 27) + 76 + 4 + 5?
92
-2 - 0 - ((-11 + (19 - 10) - -2) + -42)
40
Calculate -152 - (-11 + -2 + 32 + 1 + -48 + 14).
-138
Evaluate -40 - (-6 - (-1 + 1 - (41 + -38))) - -7.
-30
What is 34 - (-18 + 40 - -11) - (0 + 26)?
-25
Evaluate -53 + (0 + 17 - 1) + (5 - -53 - 67).
-46
6 + 39 + (19 - (-10 + 16)) + -10
48
-3 - ((28 - (10 - 3)) + (19 - 6 - 3))
-34
Evaluate 14 - ((551 - 577) + 20 + -1 + -3).
24
What is the value of -25 + (-8 - (60 + -60))?
-33
(20 - -1) + (-3 - (-63 - -34 - -32))
15
Calculate 9 - -1 - (21 - (-11 - (-7 + -6))) - -85.
76
What is 55 - ((0 - 5) + 32 + -29) - 14?
43
What is the value of 6 + 33 + -7 - (-712 - -738) - (5 - 1)?
2
Evaluate 6 + -12 + -3 - (-56 + 84 + -53).
16
Calculate 3 - (-15 - (18 - 28) - -4).
4
What is the value of -14 - (0 - 2 - (1 + (35 - 27)))?
-3
4 - (24 + 3 - (17 + 12))
6
What is (7 - (59 + -51)) + (-1 + -1 - -1) + 20?
18
What is -1 + (-2 - -3 - 0) + -1 - (1091 - 1097)?
5
Calculate -7 + 74 + 83 + (-63 - 28).
59
What is (-2 - -16 - (417 - 424)) + -88?
-67
What is the value of -50 - (-8 + (-16 - (-38 + 19)))?
-45
What is 59 + -3 + -13 + (-242 - -229)?
30
Evaluate -10 + -39 + -17 + -4 - (-2 + -7).
-61
What is the value of -1 + (5 - 5) + -15 - (76 - (-35 + 12))?
-115
Calculate 122 - 126 - (1 - (-33 + 2)).
-36
Calculate 31 - (-26 - -34) - -15 - 23.
15
6 + -2 - (-58 - -62) - (9 - 0)
-9
What is 18 + -1 + (-4 - (-7 - 0)) + 125 + -118?
27
Calculate (1 - (1 + -68)) + (-28 + 43 - -17) + -27.
73
Calculate (-5 + 13 - 1 - (53 + -40)) + -44 + 13.
-37
What is -41 + 88 + -55 + 21 + 1 + 89?
103
What is 7 + (-1 + 3 - 9) - (31 - 17 - 3)?
-11
What is 35 - (-43 - -90) - (-8 - 1)?
-3
(-117 - -4) + (-13 - 9) + 61
-74
(-13 - 25 - -47) + 13 + -12 + 1 + -57
-46
Evaluate (76 - 150 - -108) + 20 + -2.
52
What is 42 - (-19 + 57 + -37 - -27)?
14
Calculate -164 + (75 - (-108 + 134)).
-115
Evaluate (23 - -1) + 72 + (32 - 124).
4
Calculate (-100 + -64 - 36) + 127.
-73
Evaluate -104 - -1 - (3242 + -3296).
-49
What is (2 - -17 - (-63 - -56)) + -109?
-83
Evaluate (11 - -14) + (-5 - 5) + 14.
29
-81 + -1 - (-6 - (-8 + -4) - 8)
-80
What is the value of (-22 - 0) + (-28 - (17 + -70))?
3
What is -12 - -1 - (6 - (-18 + 8 + (10 - 3)))?
-20
Calculate 43 + 75 + -42 - 56.
20
What is 1 - -27 - (-41301 - -41458)?
-129
Evaluate (-1 + -81 - -14) + 20 + 5.
-43
Evaluate -32 - (7 + -33) - (-3 + 12 - 0).
-15
What is 98 + 0 + -1035 + 1036 - -8?
107
What is (-27 - 10) + (11 + -5 + -14 - -5 - -10)?
-30
Evaluate 18 + 28 + -34 + -18 - (2 + (0 - 9)).
1
Calculate 26 - (299 + -303 - (-6 - -2)).
26
What is the value of 1 + (1 - -1) + (-7054 - -7021)?
-30
-7 - (13 - (8 - 14 - -26 - (16 - 2)))
-14
Evaluate 199 + -158 + -7 - (-2 + -34).
70
What is 109 - (205 + -71 + 64)?
-89
What is -2 + -9 + (11 + 2 - (49 + -69))?
22
What is -21 + (56 - 68) + 0?
-33
What is the value of 21 - ((32 - 44) + -1 + 7)?
27
Evaluate 1 + (-99 - 1) - (-106 + 107 + 10).
-110
Calculate 5 + 5 + 0 + (6 - 2 - -3).
17
Evaluate 35 - (-26 - (-162 + 99)).
-2
What is 6 + (16 - 17) + -7 + -5 - (-2 - -19)?
-24
Calculate -92 - ((16 - 3) + -10 - 0) - 15.
-110
Evaluate -10 + 27 + -13 + 26 + (-1 - -6).
35
3 + 1 - (5 + -13 - (-4 - (-6 - 6)))
20
(16 - ((0 - 3) + 15)) + (3 - -18)
25
27 + (22 - 23 - -8) + 0 + -5
29
Calculate -36 - (-30 + -19 + 3).
10
Evaluate -1 - -69 - (802 - 723).
-11
-65 + (45 - -1) - -14
-5
What is the value of (271 - 74) + (-56 - 18)?
123
-198 + 226 - (12 + 8 - 1)
9
Evaluate (24 - 40 - -31) + -51 + -1.
-37
Calculate (-47 - -1 - 4) + (-41 - (3 + -64)).
-30
Calculate (14 - -1 - (2684 + -2667)) + (-1 - (27 + 0)).
-30
What is (-38 - (-15 + -17)) + 15 - (28 + 2)?
-21
Evaluate 4 - ((14 - (22 + 0)) + (5 - (-7 + 3))).
3
What is the value of -100 + 67 + -6 - (-153 + 0)?
114
Evaluate 39 + -101 + 73 + -84 + (3 - 7).
-77
Calculate -1 + 6 + 2 - (14 - (-30 + (19 - -7))).
-11
Calculate ((-109 - -32) + 4 - 43) + 31.
-85
Calculate (7 - (-1 + 1)) + -85 + 0 + (-1 - 5).
-84
Calculate (-1 - -6) + (-14 - -8 - -7) + -4 - 32.
-30
102 + 31 - 55 - ((3 - 2) + 15)
62
Calculate (6 + (21 - (66 - 14)) - -18) + (48 - -1).
42
What is the value of (6 - (8 + -4)) + 2 + (1045 - 916)?
133
Evaluate (-3 - (-15 - -5)) + (183 - 282) + -2 + -1.
-95
What is the value of 77 + -89 + 4 - (-4 + -1) - (-66 + 1)?
62
What is the value of 45 + (-2 - -1) + 4 + (-197 - -212)?
63
Evaluate -72 + (241 - (72 - -33)).
64
Evaluate 2086 + -2049 + -58 + 1.
-20
Calculate (51 - (47 + -25)) + -65.
-36
Calculate 1343 + -1340 - (1 + 58).
-56
Evaluate (-9 - 9) + 20 - -27.
29
Calculate -29 + 15 - -28 - -3 - (120 + 2).
-105
(-2 - -2) + 5 - (-33 - -59 - -1)
-22
Evaluate -39 + 216 - (143 + -51).
85
What is (210 - 339 - -86) + (-15 - 2) + 2?
-58
What is 40 - 76 - -20 - 22?
-38
Evaluate 32 - (44 + (-87 - -36)).
39
2 + 1 - (16 + 1 - 2 - -13)
-25
Evaluate -6 - (7 + -1 + -15) - (2 + 17).
-16
What is the value of 56 + -9 + (-6 - -3) + -243 + 242?
43
-17 - (8 + -58) - -9
42
Evaluate (31 - -31) + (7 - -2) + -6.
65
What is -5 - ((-47 - (-16 - (9 - 5))) + (-6 - -2))?
26
What is the value of 9 + (-56 - (-6 + 14 - -24))?
-79
Calculate -132 + 100 + -81 + 65.
-48
-32 - -13 - ((-1 - -120) + -345 + 326)
-119
Evaluate -79 + (84 - 146) + 50.
-91
What is 758 - 745 - (2 + (1 - 48)) - 2 - 15?
41
Evaluate 733 + -723 + (-5 - -24 - (2 - -1)) - -10.
36
What is 23 - (-34 + 20 + 40)?
-3
Calculate -65 + (26 - (14 + -7) - 12).
-58
Calculate 1 + 4 + -25 - (-190 - -217).
-47
Evaluate -5 - (19 + (-54 + 13 - -18 - -29)).
-30
7 + (-7 - -3) - 12 - (-147 + 93)
45
What is the value of 161 + -37 + -177 + 1 + (-1 - -6) + 6?
-41
Evaluate (-6 + 3 - -24) + -2013 + 2014.
22
1 + 14 + 46 + 24 + -20 - (6 + 2)
57
Calculate -55 + (-1 - -2) - (-380 - -373).
-47
What is 54 + -29 + (14 - 11) + -88?
-60
Evaluate 0 + -9 + (-3 - -2) + (76 - (-6 - -14)).
58
-14 - 8 - (-11 - 3 - (35 + -52))
-25
2 + -7 - (-17 + 1) - (15 + (76 - 14))
-66
19 - ((19 - (-18 + 20)) + -56)
58
Evaluate -20 + 104 + -24 + -110.
-50
What is the value of 8 + 14 + -24 - -18 - 54?
-38
-6 - (-67 + 41 + 16 - (2 - 36))
-30
(-56 - -6 - (-105 - -101)) + 40
-6
What is 36 + -86 + 127 + (-13 - 0)?
64
111 + -3 - (-28 + (5 - -12 - 2) - -6)
115
What is the value of 1 - -16 - (222 + -222)?
17
-41 + -22 + 54 + -41
-50
Evaluate (39 + 7 - 2) + 15 - (-2 - -7).
54
Calculate (1 - (22 - 11)) + 1 - 14 - -9.
-14
Calculate (-102 - -63 - -20) + 22.
3
-57 - 18 - 23 - -22 - -24
-52
Calculate 40 + -33 + (-38 - -19).
-12
What is the value of -93 - 1 - 1 - (-57 + 153 + -102)?
-89
What is (-10 - (3 - 1 - 2 - (2 - -5))) + -53?
-56
What is the value of (62 - (-3 - -59)) + (4 - (-2 + 4)) - -9?
17
What is the value of (172 - 178) + (-16 - ((-6 - -2) + 2))?
-20
What is the value of 15 + -65 + 38 + -5 + 4 + 1 + -20?
-32
What is the value of 96 - (-2 - (-2 - -3) - -4) - (9243 + -9242)?
94
Evaluate 66 - (100 + -33 + 28).
-29
Evaluate (-1 - (-40 + -1)) + 190 + -459 + 273.
44
What is -463 - -354 - (5 + -108)?
-6
What is the value of 17 + -22 + (0 - -21 - -20) + 5?
41
What is 4 - (-1 + -92 - (-1713 - -1690))?
74
(-951 - -999) + (1 - 2)
47
What is (-8 - -73 - 22) + -100?
-57
What is the value of (-1 + 6 - 0) + 64 + 21 + 9 + -25?
74
Evaluate -155 - (-51 - 78 - -40).
-66
Evaluate -20 - -99 - 60 - 28.
-9
20 + -1 - (-9566 + 9640)
-55
Evaluate 9 - 7 - (0 - 2) - (881 - 826).
-51
-169 + -16 + 75 - (-17 + 0)
-93
What is the value of 34 - ((-100 - -40) + 63)?
31
131 - (112 + (67 - 96))
48
1912 + -1885 - (0 - 0 - (1 - -13))
41
Evaluate 5 - (11 + -11) - (7 + 0 + 1).
-3
What is the value of 6 + (-56 - (-13 - (-2 - (-4 + 8))))?
-43
(-55 - -1) + -19 + (-11 + 7 + -8 - -33)
-52
What is 52 + 10 + 60 + -19 + -5?
98
7562 + -7542 - (1 + 0 - -23)
-4
What is the value of 99 + (-1 - 1) + -1749 + 1729 - (-1 - -6)?
72
Calculate 112 + -1 + -5 + 21 + -25.
102
-23 + 0 + -48 + 21 + 8 + 9
-33
What is (-23 - (25 + -26 - 21)) + 60?
59
Evaluate -2 + (-4 - -19) - (77 - (25 - (18 - 9))).
-48
Calculate -93